posite?
True
Is 2797574761 prime?
True
Is 3538427093 a prime number?
True
Is 13851480017 prime?
True
Is 3890754701 a prime number?
True
Is 5109872695 a composite number?
True
Is 206059086473 a prime number?
True
Is 6230594891 composite?
False
Is 29052641665 composite?
True
Is 1324477003 a composite number?
False
Is 9903704053 a composite number?
False
Is 1719247577 a prime number?
False
Is 4982970653 a composite number?
True
Is 8994313073 composite?
False
Is 445933367 a composite number?
True
Is 1008603433 composite?
False
Is 121297150243 a composite number?
True
Is 16604550203 a composite number?
True
Is 66670375921 a prime number?
False
Is 10931563163 a composite number?
False
Is 1129680793 a prime number?
True
Is 3789359257 prime?
False
Is 79824821 prime?
False
Is 661034279 prime?
False
Is 1955599501 composite?
True
Is 7928445961 a composite number?
True
Is 186882713 prime?
False
Is 5102262283 composite?
False
Is 48075582391 composite?
False
Is 52698476617 prime?
True
Is 312721229 prime?
True
Is 1421492497 a prime number?
False
Is 13504498523 prime?
False
Is 25872540593 composite?
True
Is 1524100141 a composite number?
False
Is 736406651 composite?
False
Is 197933881 composite?
True
Is 25293667999 a prime number?
True
Is 755800511 a prime number?
False
Is 23343360167 a composite number?
True
Is 9057505943 a composite number?
False
Is 190204799 a prime number?
False
Is 28778519453 composite?
False
Is 1269691781 prime?
True
Is 42841124237 a composite number?
False
Is 9973751 prime?
True
Is 334797227 a prime number?
True
Is 974718529 a composite number?
False
Is 4319408173 composite?
True
Is 10419384923 composite?
True
Is 590242949 a composite number?
False
Is 25091202661 a composite number?
True
Is 535638959 a composite number?
False
Is 57834575581 prime?
True
Is 162363401 composite?
True
Is 239252522839 composite?
True
Is 2070396599 prime?
True
Is 7907482745 a composite number?
True
Is 3166487843 a composite number?
False
Is 5898760183 composite?
True
Is 7838837 prime?
False
Is 29545132313 a prime number?
True
Is 13901021 prime?
True
Is 3400206073 composite?
True
Is 56979073507 a prime number?
True
Is 387809993 a prime number?
True
Is 1803544579 prime?
False
Is 1992334199 a prime number?
True
Is 1134303503 a composite number?
False
Is 5931037589 a composite number?
False
Is 669229489 prime?
True
Is 18481754087 a prime number?
False
Is 1724829539 a prime number?
True
Is 19090343 prime?
True
Is 2272464721 composite?
True
Is 371210633 a composite number?
False
Is 11296262543 composite?
True
Is 143144423 a prime number?
False
Is 20614375771 prime?
False
Is 1275852538 prime?
False
Is 372716714729 a prime number?
True
Is 3094678579 a prime number?
True
Is 368776609 prime?
False
Is 1684179551 prime?
False
Is 1341257 a composite number?
False
Is 291356076551 a composite number?
False
Is 8573751635 composite?
True
Is 228643297985 a composite number?
True
Is 71491315349 composite?
False
Is 518711959 a prime number?
True
Is 643440211 prime?
False
Is 185645357 a composite number?
False
Is 7964946719 a prime number?
True
Is 161722117 a prime number?
True
Is 38592969179 a prime number?
True
Is 2021858107 prime?
True
Is 759520387 a prime number?
True
Is 148506539 a prime number?
True
Is 1294857019 a prime number?
False
Is 39779132807 a prime number?
True
Is 667948579 a prime number?
False
Is 80659619735 composite?
True
Is 11588249039 composite?
True
Is 6894353 a prime number?
False
Is 4738890799 a composite number?
False
Is 100297324321 a prime number?
False
Is 8690837739 composite?
True
Is 12219710093 prime?
True
Is 5782583243 prime?
True
Is 907621637 prime?
False
Is 2779713031 prime?
True
Is 2074398863 prime?
True
Is 216134851 a composite number?
True
Is 58286515597 a prime number?
False
Is 20296407515 a prime number?
False
Is 413697719 a prime number?
True
Is 22007692823 prime?
True
Is 432267047 a prime number?
True
Is 841030201 prime?
False
Is 102630597 a composite number?
True
Is 626556538 composite?
True
Is 86246070751 a prime number?
True
Is 2419079423 prime?
False
Is 637124755 composite?
True
Is 30979340231 a prime number?
False
Is 4857155965 composite?
True
Is 93090512881 a composite number?
False
Is 8887891303 prime?
False
Is 25680637855 a prime number?
False
Is 15712063093 prime?
False
Is 1614771827 a prime number?
True
Is 3243928663 a composite number?
True
Is 4623322987 prime?
True
Is 340127261 prime?
False
Is 4065809381 composite?
True
Is 1497631363 a prime number?
True
Is 4549949449 a prime number?
True
Is 82594091 composite?
False
Is 506353951 a composite number?
False
Is 5206625786 prime?
False
Is 82709402 prime?
False
Is 717857311 composite?
False
Is 550278031 a composite number?
False
Is 313076611571 a composite number?
True
Is 1531392127 prime?
False
Is 3148983511 composite?
False
Is 4863939169 a composite number?
True
Is 78581778409 a composite number?
True
Is 165907171 composite?
False
Is 83388284983 a composite number?
False
Is 237182349713 a prime number?
True
Is 6101764993 composite?
False
Is 523340711 a composite number?
True
Is 182285003 a composite number?
False
Is 12401635267 a composite number?
True
Is 341026393 a composite number?
False
Is 648721889 a prime number?
False
Is 348487019 composite?
False
Is 100296851 prime?
False
Is 117878239 a composite number?
True
Is 155631391 composite?
True
Is 965734361 prime?
False
Is 5769941131 prime?
False
Is 399271777 a composite number?
False
Is 1749212239 a composite number?
False
Is 18344100163 composite?
False
Is 7296748117 a prime number?
True
Is 2597802677 composite?
False
Is 1747548623 a prime number?
True
Is 774222391 a composite number?
False
Is 495734597 composite?
False
Is 3613628521 prime?
False
Is 118223249 a prime number?
True
Is 2027008987 a composite number?
False
Is 16248026039 composite?
True
Is 22517328689 prime?
True
Is 23644941713 a composite number?
True
Is 21427422011 a prime number?
True
Is 113525367 a composite number?
True
Is 181387768361 composite?
True
Is 47780413 a composite number?
False
Is 934602169 a prime number?
False
Is 591789901 a prime number?
False
Is 185377637 composite?
True
Is 1391064979 a prime number?
True
Is 32981813971 a prime number?
False
Is 503111909 prime?
False
Is 1146752813 prime?
True
Is 221669233 a composite number?
True
Is 3506820983 composite?
False
Is 292388773 a prime number?
True
Is 8179172063 a composite number?
False
Is 7483848557 composite?
True
Is 88750837061 a prime number?
False
Is 37739369399 a composite number?
True
Is 4714950593 composite?
True
Is 13391672243 prime?
True
Is 12461733187 a prime number?
True
Is 6250297967 a prime number?
False
Is 65510869781 prime?
False
Is 28478955457 prime?
False
Is 38071391297 prime?
True
Is 907722103 composite?
False
Is 24149400131 a prime number?
True
Is 16819134257 a prime number?
False
Is 8033913571 composite?
True
Is 266554753 prime?
True
Is 116406750301 prime?
True
Is 9259354313 composite?
True
Is 3264612913 composite?
True
Is 224243221 prime?
True
Is 10644508451 composite?
True
Is 1424683509 composite?
True
Is 14013192099 composite?
True
Is 11786842777 prime?
False
Is 47350995613 a composite number?
False
Is 32421782027 prime?
True
Is 503016391 composite?
False
Is 73896423691 a prime number?
True
Is 654362151 a composite number?
True
Is 77187694667 a composite number?
True
Is 2793061354 prime?
False
Is 44659971287 a prime number?
False
Is 84050432637 a composite number?
True
Is 82803913567 prime?
False
Is 777502411 a composite number?
True
Is 66058756033 a composite number?
False
Is 1232271149 a prime number?
True
Is 3465046579 a prime number?
False
Is 14679244633 prime?
True
Is 685311617 a composite number?
False
Is 123335560667 prime?
False
Is 112876931 a prime number?
True
Is 6446116189 composite?
True
Is 5908213 a prime number?
True
Is 924704941 composite?
False
Is 593128379 composite?
True
Is 8220927571 a composite number?
False
Is 669087263 prime?
False
Is 1968336043 prime?
False
Is 900776647 prime?
False
Is 4731862777 prime?
True
Is 9729403414 a composite number?
True
Is 244964219 prime?
False
Is 2876950487 prime?
False
Is 11613919357 prime?
False
Is 14459028839 composite?
False
Is 736354627 prime?
False
Is 3056539027 a prime number?
True
Is 9736026095 prime?
False
Is 